 k - 1. Let u(s) = s**2 - s + 24. Let w(b) = 2*i(b) + u(b). Let c = -6153 + 6158. Calculate the remainder when w(c) is divided by 27.
25
Let q = -151 - -155. Suppose 0 = -5*w + 10, 4*s - q*w + 0*w = 64. Let v = -27 + 41. Calculate the remainder when s is divided by v.
4
Suppose d + 4*d - 230 = -3*o, -2*d = -2. Let q = 417 - 334. What is the remainder when q is divided by o?
8
Suppose 5*c + 845 - 826 = 2554. What is the remainder when c is divided by 171?
165
What is the remainder when (930/775)/(4/4220) is divided by 57?
12
Let o be 2/(18/1321) - 10/(-45). Suppose 2*f = -27 + o. What is the remainder when (-3)/4 - (-3)/(f/2195) is divided by 28?
25
Let f be (-11)/((-44)/(-1896)) + (-6)/2. Let v = f + 522. What is the remainder when 179 is divided by v?
44
Let o = 34 - 22. Let u be (3/(-9) + -1)*o. Let w = 36 + u. Calculate the remainder when 76 is divided by w.
16
Suppose 52*v = 36*v + 5488. Let f = v - 325. What is the remainder when 69 is divided by f?
15
Let t(g) = 2*g**2 - 158*g - 22470. Suppose -455 = -3*d - 2*d. What is the remainder when t(153) is divided by d?
83
Let v = 251 - 169. Let z = v - -81. Calculate the remainder when z is divided by 33.
31
Suppose 58 = 3*r + 7*q - 3*q, -109 = -4*r + q. Let x = 81 - r. Let w = 26 + -7. What is the remainder when x is divided by w?
17
Let t be -2*((-49)/(-3))/((-10)/15). Suppose z - t = 3*d, 2*d + 9 - 3 = 0. Calculate the remainder when z is divided by 12.
4
Suppose 2*s + 2*s - 20 = 0. Let d be ((-11)/((-33)/(-20)))/(2/(-3)). Suppose d*l = 19*l - 423. What is the remainder when l is divided by s?
2
Suppose -o + 9 = -4*y, -2*o - 3*o + 150 = y. What is the remainder when 3 + (-3 + 52 + 0 + -7 - 2) is divided by o?
14
Suppose 18*o - 668 = 16*o + z, -5*z = -4*o + 1348. Suppose 337*y - o*y = 70. Calculate the remainder when y is divided by 2.
0
Let o(n) = 7*n**2 + 409*n + 322. What is the remainder when 1616 is divided by o(-58)?
136
Suppose 2 = 3*b - 2*b. Suppose -3*m + 374 = b*k + 2*k, 5*m - k - 608 = 0. What is the remainder when m is divided by 22 + ((-12)/10)/((-6)/15)?
22
Let o = -564 - -7196. Calculate the remainder when o is divided by 31.
29
Suppose 4*t - 5*t = -98. Let c(s) = -s**3 - 14*s**2 + 15*s - 29. Let i be c(-15). Let x(r) = -2*r - 33. Calculate the remainder when t is divided by x(i).
23
Let y be ((-27)/(-63)*7)/(1/4). Let c(u) = u**3 - 13*u**2 + 16*u. What is the remainder when 135 is divided by c(y)?
39
Suppose -4*h - 4*g + 20032 = 0, -30*h + 34*h - 5*g = 20095. What is the remainder when h is divided by 114?
113
Calculate the remainder when (-12 + 20270)/14 + -3 + 2 is divided by 21.
18
Let q = -11597 - -11603. Suppose -70 + 10 = -3*y. Calculate the remainder when y is divided by q.
2
Let n be (-3)/12 + (-2888)/(-32). Suppose 0 = 95*a - n*a - 345. What is the remainder when a is divided by 16?
5
Let a = 6402 + -6337. Calculate the remainder when 258 is divided by a.
63
Suppose 4*u = -6*s + 3*s + 49, -46 = -2*s + 4*u. Suppose 21 = -8*v - s. Let r = v + 28. What is the remainder when r is divided by 13?
10
Let p = 3276 + -2977. What is the remainder when p is divided by 134?
31
Suppose 5*i + m + 33 = 6*i, 0 = 2*i + 4*m - 48. Suppose -390 = -28*x + i. Calculate the remainder when 72 is divided by x.
12
Let t(v) = 30*v - 156. Let a be t(-7). Let r = 443 + a. Suppose -3*d + 5*b + 145 = 0, 3*b - 105 = -5*d + 2*d. Calculate the remainder when r is divided by d.
37
Suppose -b = -2*y - 2120, -1236 = 3*b + 2*y - 7532. Calculate the remainder when b is divided by 519.
28
Suppose -1804 = -70*r + 716. Calculate the remainder when 612 is divided by r.
0
Suppose 18*t - 619 = -4*h + 2835, 2*t = 4*h + 366. What is the remainder when 5343 is divided by t?
186
Calculate the remainder when (-9)/(-2)*(-12)/(-63) + 96301/161 is divided by 263.
73
Suppose -3*c + 423 = 3*a, 2*c - 2*a = 5*c - 422. Suppose -130 = -3*i - 16. Calculate the remainder when c is divided by i.
26
Let f = -2 - -9. Suppose 0 = -2*q - 2*g + 18, 13 = q + f*g - 8*g. What is the remainder when 18 is divided by q?
7
Suppose -53 + 713 = 36*w + 19*w. What is the remainder when 0 + (-1)/((-2)/40) is divided by w?
8
Let q be 1*(-3)/3 + 0 + 99. Suppose -2*m - q = -118. What is the remainder when 13 is divided by m?
3
Let z = -471 - -493. Calculate the remainder when -2 + 35 - -6*(-1)/(-2) is divided by z.
14
Let p = -6814 - -6921. Calculate the remainder when p is divided by 10.
7
Let y(w) = w**3 + 8*w**2 - 3*w + 45. Let x be y(-9). Let b = x + 29. What is the remainder when 119 is divided by b?
19
Let p be 37/2 - 3/(-2). Suppose 5*m - p = -0. Suppose m*x - 62 = 58. Calculate the remainder when 85 is divided by x.
25
Suppose 0 = -71*p - 813 + 8055. Calculate the remainder when 1119 is divided by p.
99
Let p = -419106 - -419122. Suppose -62 = -0*v - v. Calculate the remainder when v is divided by p.
14
Suppose 99 = 3*t + 4*a, -5*t + 23 = -3*a - 142. Let i(s) = 6*s**2 - 1. Let u be i(-1). Calculate the remainder when 46 is divided by t/3 + (7 - u).
7
Let q(m) = -2*m**3 + 11*m**2 + 6*m. Let x be q(6). Let b(a) = 20*a - 4 - 4*a + x + 3*a. Calculate the remainder when 25 is divided by b(1).
10
Let z(d) = -790*d + 24. Calculate the remainder when 719 is divided by z(0).
23
Let s(v) be the first derivative of 15*v**2/2 - 61*v + 60. Calculate the remainder when s(13) is divided by 42.
8
Suppose -4*t = -4*s - 3556, 889 = -s - 9*t + 13*t. Let c = -855 - s. What is the remainder when 113 is divided by c?
11
Suppose -86*v = -82*v - 8241 - 1043. What is the remainder when v is divided by 93?
89
Suppose -21460 = -592*t + 444*t. Calculate the remainder when t is divided by (-1)/(2/18)*-3.
10
Let o(p) be the second derivative of -7*p**3/3 + 14*p**2 + 23*p. Let u be o(5). What is the remainder when -2*(1227/u - 4/14) is divided by 10?
9
Suppose 233*o - 1 - 11527 = 9908. What is the remainder when o is divided by 41?
10
Let r = 36 + 17. Suppose -4*p = 4*g - 2088, 0 = -90*g + 86*g - 2*p + 2100. What is the remainder when g is divided by r?
51
Let a be (80/60)/(12/45). Suppose -4*b = a*k - 373, -4*b = 6*k - 9*k + 243. Calculate the remainder when k is divided by 23.
8
Let h be (36/8)/(3/8). Let u = h - 10. Suppose -9*p + 133 = -u*p. What is the remainder when 35 is divided by p?
16
Suppose -4*g - 4*x + 97 + 43 = 0, 29 = g - x. What is the remainder when 128 is divided by g?
0
Let t(z) = 9*z**2 - 67*z - 457. Calculate the remainder when t(-8) is divided by 28.
11
Suppose 0 = -a - 247 + 222. Let f(g) = -g**2 - 23*g + 57. What is the remainder when 314 is divided by f(a)?
6
Let s(x) = 3*x**2 + 2*x - 2. Let a = 32 + -39. Calculate the remainder when 1*1/7 + (-76)/a is divided by s(-2).
5
Suppose -135 = p - 6*p. Let k be (-144)/(-54)*3*(-1)/(-2). Suppose k*b - 83 = -r - 26, 0 = 3*b + 4*r - 46. Calculate the remainder when p is divided by b.
13
Suppose 19*i - 842 = 89. Let n = -62 + 91. Let w = 46 - n. Calculate the remainder when i is divided by w.
15
Let u = -8928 - -8978. Calculate the remainder when 1/(-4) + (-1578)/(-8) is divided by u.
47
Suppose -5*j + 608 = -2*j - 4*b, 5*j - 5*b - 1005 = 0. Suppose 0 = 2*s + 3*y - 51, 4*s + 5*y - 73 = 24. What is the remainder when j is divided by s?
16
Let l(f) = -10*f**2 - 1 + f + 4 + 0*f - 3*f. Let u(g) = g**2. Let z(p) = -l(p) - u(p). Calculate the remainder when z(2) is divided by 13.
11
Let c(z) = -14*z - 19. Suppose -102 = -0*i + 2*i. Let l = i - -83. What is the remainder when c(-8) is divided by l?
29
Let s(r) = -32*r - 497. What is the remainder when s(-17) is divided by 38?
9
Let g = -280 + 278. Calculate the remainder when ((-7450)/(-20))/(-1 - 3/g) is divided by 34.
31
Suppose n = 5*r + 676, -2*r + 3*r = n - 136. Let q = 292 + r. What is the remainder when q is divided by 41?
34
Suppose -3*d + 21 + 0 = 0. Suppose 4*f - d = 5*b - 90, 4*b - 5*f - 61 = 0. Calculate the remainder when (2 + -38)/(0 - 1) is divided by b.
17
Suppose 58213*n - 48755 + 15805 = 58188*n. What is the remainder when 1322 is divided by n?
4
Let k be -4*(-57 + (7 - (11 + -5))). Suppose -g = -y - 48, 5*g = -3*y - 0 + k. What is the remainder when 56 is divided by g?
10
Let m = 24919 + -24832. Calculate the remainder when 518 is divided by m.
83
Let n(q) = -37*q - 299. What is the remainder when n(-45) is divided by 114?
112
Suppose 0 = -